+ 25. Determine i(g).
6
Let o be 0 + 0 + (-8)/(-4). Let q(t) = -1 + 1 - 4*t + 8*t - 3. Calculate q(o).
5
Let y(g) = -13*g**3 - 19*g**2 - 4*g + 4. Let q(d) = 7*d**3 + 10*d**2 + 2*d - 2. Let n(f) = -11*q(f) - 6*y(f). Give n(-4).
-10
Let x(j) = -j**3 - 25 + 29 + 10*j**2 - 4*j**2. Calculate x(6).
4
Suppose a - 28 = 8*a. Let n(x) = -x**3 - 3*x**2 + 5*x + 2. Determine n(a).
-2
Let o be 1/(-2*1/(-8)). Let y(r) = r**3 + 6*r**2 + 3*r - 6. Let i be y(-5). Let w(m) = 10 - 3*m + m - i. Calculate w(o).
-2
Let w(p) be the first derivative of p**4/4 - p**3/3 - 3*p**2/2 + p - 17. Calculate w(2).
-1
Let f(h) = 7*h**2 - 3*h + 1. Suppose 2*w + 2*w = 4. Let x(u) = -u**2 + u. Let v(g) = w*f(g) + 5*x(g). Let m = 0 + -1. What is v(m)?
1
Let s = 3 + 0. Suppose -10 = 2*i, 5 = 2*t - s*t - 2*i. Suppose 2*x + 3 = -t*j - 18, -x - 3*j - 13 = 0. Let a(l) = l**2 + 2*l + 1. Give a(x).
9
Let n be 1/2 - (-68)/8. Suppose -5*m = -67 + 27. Suppose n*a = m*a - 5. Let p(t) = t**2 + 3*t - 7. What is p(a)?
3
Suppose 18 = 4*u + 10. Let g(t) = 2*t**2 - 3*t - t - 4*t + u*t. Determine g(4).
8
Suppose 3*v = -2*v + 15. Let m(p) = -4*p + 2*p - 4 - v. Give m(-5).
3
Let l(u) = -u - 1. Suppose -p - 2*p = 3. Let q(x) = x**2 - 2*x - 1. Let i(n) = p*q(n) - l(n). Calculate i(4).
-2
Let a(t) be the first derivative of 0*t + 1 + 2/3*t**3 + 1/2*t**2. Suppose 5*z + 0*i + i = 6, 5*z + 5*i - 10 = 0. Calculate a(z).
3
Let f(u) = 3*u - 3. Let s(g) = g - 1. Let t(p) = 3*f(p) - 6*s(p). Determine t(-3).
-12
Let i(t) = -6*t - t**2 + 338 - 344 - 2*t. Determine i(-6).
6
Let w be ((-14)/6)/(2/(-6)). Let f(b) = -2*b**2 + 1 + 0*b**2 - 5*b + w*b. Calculate f(-1).
-3
Let d(f) = -f - 6. Let j(a) = 2*a**2 + 2*a + 5. Let n be j(-4). Suppose -n = s - 5*x - 3, 2*x = 8. Calculate d(s).
0
Let h(c) = -c**2 + 5*c + 5. Let p = 52 - 47. Give h(p).
5
Let r(s) = -s**2 + 4*s - 1. Let t(b) = 4 - b + 3*b - 3*b. Let g be t(0). Let i be r(g). Let v(n) = 2*n**3 - n**2 - n. Determine v(i).
-2
Let n(r) be the first derivative of r - 4 - r**2 - 7*r + 4*r. Calculate n(-5).
8
Let l(g) be the third derivative of g**4/24 - 34*g**2. Give l(-6).
-6
Let a(t) = 6 - 6 - 2*t. Suppose 0 = -k - 6*b + 2*b, 3*k - 4*b = 0. Suppose 2*h - 4 = -0*h + 4*n, -4*h - 5*n - 31 = k. What is a(h)?
8
Let r(w) = w - 1. Let h(g) = g**3 + g. Let f be h(-1). Let u = f + -2. Calculate r(u).
-5
Let l(m) = -m - 4. Let c(k) = k**3 - k**2 - 15*k + 15. Let n be c(4). Determine l(n).
-7
Let f(t) = -t**2 + 10*t - 7. Let p be f(9). Let u = -7 + p. Let l(x) be the third derivative of -x**4/24 - x**3/3 + 6*x**2. Give l(u).
3
Let q = 14 - 14. Suppose y + s + 7 = q, s - 3 = 6*y - 2*y. Let r(f) = f**2 + 2. What is r(y)?
6
Let h(p) = -p + 6. Let z be 15/3 - (-3 + 3). Suppose -30 = -z*u - 0*u. Give h(u).
0
Let k(j) be the third derivative of -j**2 + 1/24*j**4 + 0*j - 1/6*j**3 + 1/15*j**5 + 0. What is k(1)?
4
Let z(g) be the second derivative of g**5/20 - g**2/2 + 2*g. Suppose -2 = -i - i. Give z(i).
0
Let b(i) = -i**3 + 3*i**2 + 6*i - 5. Let c(s) = -6*s - 3. Let x be c(-2). Suppose -2*t = 2*d, t = 4*d + d + 30. Let h = x - t. Calculate b(h).
3
Let v(h) = 5*h**3 - h. Suppose 5*i = 10 - 0. Let p = i - -2. Suppose -4*s + 6*k = 3*k + 4, -p*k = 0. Determine v(s).
-4
Let x(v) be the third derivative of -3*v**2 + 1/60*v**5 + 0 + 5/6*v**3 - 1/120*v**6 + 0*v**4 + 0*v. Determine x(0).
5
Let s(t) = -t**3 - 8*t**2 - 5*t + 14. Let q(r) = -r + 1. Let p(n) = -5*q(n) + s(n). Give p(-8).
9
Let z = 12 - 13. Let i(f) = -f + 1. Let q(d) = d + 3. Let y(c) = 4*i(c) - q(c). Give y(z).
6
Let j = -52/33 + 21/11. Let s(t) be the second derivative of 1/20*t**5 + 0 - j*t**3 - t**2 + 1/6*t**4 - t. Determine s(-2).
2
Let a(q) = -6*q - 11. Let m(s) = 3*s + 6. Let r(x) = 6*a(x) + 11*m(x). Give r(4).
-12
Let u(d) = 3*d**3 - 8*d**2 - d. Let v(n) = -4*n**3 + 9*n**2 - 3 + 6 + n + 0*n**2 - 2. Let k(x) = -5*u(x) - 4*v(x). Give k(-4).
-8
Let k(l) = l**2 + 6*l + 7. Let c be k(-5). Let v(d) be the first derivative of d + 5/4*d**4 + 0*d**3 - d**2 - c. Determine v(1).
4
Let k(h) = -5*h + 9. Let z(u) = u**3 + 20*u**2 - 3*u - 54. Let b be z(-20). Determine k(b).
-21
Let z be (-2)/(-1) - -1*5. Let c(u) = u + 5. Determine c(z).
12
Let s(m) = m**2 - 1. Let z(x) = -5*x**2 + x + 4. Suppose 2*v + 6 + 2 = 0. Let o(h) = v*s(h) - z(h). Let q be 8/10*(-20)/(-8). What is o(q)?
2
Let f = -14 - -2. Let s = 19 + f. Suppose s = 2*o - m, 5*m + 0*m - 10 = -5*o. Let h(b) = -b**2 + 3*b - 2. Give h(o).
-2
Let o be (-9)/(-12)*2*-2. Let x = o + 6. Let s(h) = -2 + 0 - 2*h + x*h. Give s(-4).
-6
Suppose -3*x + 5 = 2*l, 4*l + x = 7 - 2. Let n = -1 + l. Let i(o) be the second derivative of -o**5/20 - o**4/12 + o**3/6 - 3*o**2/2 + 40*o. Give i(n).
-3
Let t(d) = d**2 + 4*d. Let f be t(-4). Let g(y) = y**2 + y - 5. Calculate g(f).
-5
Let t(w) = w**2 - 7*w + 3. Suppose 14 = -2*j + 24. What is t(j)?
-7
Let o(b) = b**3 + 10*b**2 + 10*b + 13. Let r(k) = -k**3 - 10*k**2 + 13*k + 13. Let p be r(-11). Let l be o(p). Let h(a) = -a**2 + 5*a - 3. Give h(l).
1
Let j(k) be the first derivative of -k**2/2 + k - 4. Let m(g) = g - 11. Let a be m(7). Calculate j(a).
5
Suppose 0 = 5*g - 2*g - 165. Let l(p) = -p - 2*p + 64 - g. Calculate l(6).
-9
Let g = -2 + 4. Suppose -15 = -5*i + 5*o, -i + g*o = 6*o + 2. Let l(w) = -i*w**2 - 3 + 7*w**2 - 5*w - 2*w**2 + w**3. Determine l(-4).
1
Let t(w) be the second derivative of -w**4/12 - 2*w**3/3 - w**2/2 + 7*w. Give t(-5).
-6
Let u be 9/(-6)*2/(-3). Let k = 6 - 3. Let z(f) = f**3 - 4*f**k + 0*f**2 + 2*f**2 - 3*f**2. What is z(u)?
-4
Suppose -3 = j, 11 = -0*m - m - 5*j. Let u = -14 - -15. Let a(l) = u + 2*l - 2 - 1. Calculate a(m).
6
Let x(a) = a - 3. Let j(d) = -d**2 + 7*d - 4. Let b be j(7). Calculate x(b).
-7
Suppose 17 = 3*u + 2*g, -g - 2 = -u + 2. Suppose -3*z + 1 + u = 0. Let v(n) = -4 + n**3 + 5*n - 5*n**2 + z + 11*n**2 - 2. Give v(-5).
-4
Let j be (-3 + 6)/(6/(-4)). Let z = 2 - j. Let y(b) be the first derivative of b**4/4 - b**3 - 3*b**2/2 + 4*b - 2. What is y(z)?
8
Let x(s) = -s**3 - s - 10. Suppose 5*l = -0*t - 4*t + 15, -12 = t - 4*l. Give x(t).
-10
Let x(b) = 2*b**3 - 5*b**2 + 6*b - 14. Let f(s) = -s**3 + 2*s**2 - 3*s + 7. Let a(z) = 5*f(z) + 3*x(z). What is a(5)?
8
Let x(q) be the third derivative of q**4/24 + 7*q**3/6 - 9*q**2. Calculate x(-3).
4
Suppose -3*h + 4*h = 0. Let q(p) be the second derivative of p**3/6 + 13*p**2/2 + p. What is q(h)?
13
Let b(x) = 3*x + 7. Let c(n) = -n**2 - 10*n - 20. Let p(i) = -8*b(i) - 3*c(i). Let u(g) = -2*g**2 - 7*g - 5. Let y(f) = 6*p(f) + 5*u(f). Calculate y(1).
8
Let l be -1 - (-4 + 3 + -6). Let i(m) = 4*m**2 - 10*m + 5. Let r(s) = 7*s**2 - 19*s + 9. Let p(o) = -5*i(o) + 3*r(o). Give p(l).
-4
Let k(s) = 4 - 3*s**2 - 11*s**2 - s**3 - 10*s + 22*s**2. Calculate k(7).
-17
Let r(f) = -32*f - f**2 - 1 + 15*f - 2 + 20*f. Calculate r(2).
-1
Let w(v) be the first derivative of -v**2/2 - 7*v - 4. Give w(-5).
-2
Let f(n) = -2*n + 1 + 2*n**2 - 4*n**2 + n**2. Let o(k) = k + 4. Let d be o(-8). Let m = 6 + d. What is f(m)?
-7
Let s(y) be the first derivative of -y**3/3 - 5*y**2 - 8*y - 30. Determine s(-8).
8
Let b(z) be the first derivative of -z**4/4 + z**3 + z**2/2 + 3*z - 8. Give b(3).
6
Let u(m) = m**2 + m - 1. Let i(v) = v**3 + 6*v**2 - 9*v - 10. Let r be i(-7). Suppose 10 = -9*n + r*n. What is u(n)?
1
Let h(j) = -j**3 - 4 - 3*j**2 - 4 - 5*j**3 + 4*j. Let u(c) = -c**3 - c**2 - 1. Suppose -12*l - 12 = -0*l. Let i(d) = l*h(d) + 5*u(d). Determine i(3).
0
Let u be 0/((-1 - -4) + -5). Let n(y) = -y - 4. Determine n(u).
-4
Let z(x) = 7*x - 2*x + 0*x. Calculate z(1).
5
Let k = -48 + 47. Let w(x) = 6*x + 1. What is w(k)?
-5
Let a(q) = -q**3 - q. Let p(r) = -2*r**3 - 7*r**2 - 12*r + 11. Let k(b) = -3*a(b) + p(b). Suppose 4*f - 5*z - 36 = -z, 5*f - 2*z - 42 = 0. Calculate k(f).
3
Let j(z) = z + 4. Let f = 4 + -8. Determine j(f).
0
Suppose 11*f - 5*f = 36. Let h(n) = -n. Let x(q) = -q**3 + 7*q**2 - 10*q - 1. Let l(r) = 5*h(r) - x(r). What is l(f)?
-5
Let o(g) be the second derivative of 0*g**3 + 1/24*g**4 - 1/15*g**5 + g**2 + 3*g + 0. Let k(s) be the first derivative of o(s). Calculate k(1).
-3
Let u = 0 - 0. Suppose -l - 3*n - 10 + 4 = 0, -24 = -4*l + 4*n. Let c(m) = -7 + l + 2 + m - 3. Give c(u).
-5
Let q(k) = -k**2 + 7*k - 6. Let s(u) = -u**2 + u - 1. Let d(x) = q(x) - 6*s(x). Suppose 5*p = 2*y + 3*